{"id":78,"date":"2014-11-21T16:10:31","date_gmt":"2014-11-21T16:10:31","guid":{"rendered":"http:\/\/argensolaformacion.com\/?page_id=78"},"modified":"2020-05-18T09:52:57","modified_gmt":"2020-05-18T09:52:57","slug":"sobre-nosotros","status":"publish","type":"page","link":"https:\/\/argensolaformacion.com\/?page_id=78","title":{"rendered":"Sobre nosotros"},"content":{"rendered":"<p>[vc_row][vc_column width=\u00bb1\/1&#8243;]<div class=\"img-container dark-overlay \" ><img decoding=\"async\" src=\"https:\/\/argensolaformacion.com\/wp-content\/uploads\/2014\/11\/sobre-nosotros.jpg\" alt=\"SOBRE NOSOTROS\"><div class=\"caption cap-full\">\r\n                        <div class=\"vcenter-wrapper\">\r\n                            <div class=\"cap-lg vcenter\">\r\n                                <h2 class=\"cap-title allcaps\">SOBRE NOSOTROS<\/h2>\r\n                                <div class=\"cap-des\">En nuestra cl\u00ednica dental pensamos siempre en el m\u00ednimo detalle. Aunamos nuestro esfuerzo por buscar tratamientos de calidad basados en las tecnolog\u00edas m\u00e1s avanzadas con la atenci\u00f3n personalizada de la odontolog\u00eda de antes en un ambiente acogedor.\u2028Buscamos ofrecer tratamientos personalizados ajustados a las necesidades del paciente. Todos los dentistas que desarrollan su trabajo en nuestras instalaciones son especialistas titulados en las diferentes \u00e1reas de la odontolog\u00eda, clave para proporcionar la mayor informaci\u00f3n adecuada para tomar las mejores decisiones.<\/p>\n<p>Una de las mayores premisas de nuestro equipo m\u00e9dico es evitar la transmisi\u00f3n de infecciones directas y cruzadas en nuestro trabajo diario. Disponemos de un \u00e1rea de esterilizaci\u00f3n con autoclaves de \u00faltima generaci\u00f3n clase B, utilizamos la mayor cantidad de material desechable adem\u00e1s de la realizaci\u00f3n de inspecciones bacteriol\u00f3gicas peri\u00f3dicas que nos indican continuamente el grado de asepsia de nuestro centro en Madrid.<\/p>\n<p>Queremos mejorar y promover una visi\u00f3n renovadora de la salud bucodental. Para nosotros la prioridad es el trato con el paciente nuestra meta la excelencia\u2026<\/p>\n<p>Grac\u00edas por elegir nuestra cl\u00ednica dental.<\/p>\n<p><i>El equipo de cl\u00ednica Argensola<\/i><\/div><\/div><\/div><\/div><\/div>[\/vc_column][\/vc_row]<\/p>\n","protected":false},"excerpt":{"rendered":"<p>[vc_row][vc_column width=\u00bb1\/1&#8243;][\/vc_column][\/vc_row]<\/p>\n","protected":false},"author":1,"featured_media":0,"parent":0,"menu_order":2,"comment_status":"open","ping_status":"open","template":"template-dark-full.php","meta":{"footnotes":""},"class_list":["post-78","page","type-page","status-publish","hentry"],"_links":{"self":[{"href":"https:\/\/argensolaformacion.com\/index.php?rest_route=\/wp\/v2\/pages\/78"}],"collection":[{"href":"https:\/\/argensolaformacion.com\/index.php?rest_route=\/wp\/v2\/pages"}],"about":[{"href":"https:\/\/argensolaformacion.com\/index.php?rest_route=\/wp\/v2\/types\/page"}],"author":[{"embeddable":true,"href":"https:\/\/argensolaformacion.com\/index.php?rest_route=\/wp\/v2\/users\/1"}],"replies":[{"embeddable":true,"href":"https:\/\/argensolaformacion.com\/index.php?rest_route=%2Fwp%2Fv2%2Fcomments&post=78"}],"version-history":[{"count":4,"href":"https:\/\/argensolaformacion.com\/index.php?rest_route=\/wp\/v2\/pages\/78\/revisions"}],"predecessor-version":[{"id":273,"href":"https:\/\/argensolaformacion.com\/index.php?rest_route=\/wp\/v2\/pages\/78\/revisions\/273"}],"wp:attachment":[{"href":"https:\/\/argensolaformacion.com\/index.php?rest_route=%2Fwp%2Fv2%2Fmedia&parent=78"}],"curies":[{"name":"wp","href":"https:\/\/api.w.org\/{rel}","templated":true}]}}